mon divisor of 1356 and 26589804?
1356
Calculate the highest common factor of 7075464 and 792.
264
What is the greatest common factor of 297 and 9771157?
11
What is the greatest common factor of 30063339 and 1539?
513
Calculate the highest common factor of 2118 and 82126509.
1059
What is the highest common factor of 325 and 3107?
13
What is the highest common factor of 109963 and 70?
7
What is the highest common factor of 17451959 and 2345?
469
Calculate the highest common factor of 163696 and 168064.
208
What is the greatest common factor of 14478 and 1302639?
381
What is the highest common divisor of 899771065 and 5501?
5501
Calculate the highest common factor of 3479292 and 149606.
254
Calculate the greatest common factor of 18 and 1307145906.
18
What is the greatest common divisor of 1207557 and 22698?
117
What is the greatest common factor of 54115080 and 156?
12
Calculate the greatest common divisor of 249438 and 20342.
14
What is the highest common factor of 6135708 and 1678308?
3876
What is the highest common divisor of 2400 and 3783840?
480
What is the highest common factor of 8884987 and 2419?
2419
What is the highest common factor of 977 and 386106492?
977
Calculate the greatest common divisor of 1720 and 193460.
20
What is the greatest common divisor of 141232 and 88949?
679
Calculate the greatest common factor of 19440 and 14256810.
2430
Calculate the greatest common divisor of 736450 and 109200.
650
Calculate the greatest common factor of 27568296 and 24.
24
What is the highest common factor of 125964 and 161388?
36
Calculate the greatest common factor of 7485066 and 51.
51
Calculate the greatest common divisor of 2710614 and 143922.
498
What is the greatest common divisor of 35 and 28250935?
5
What is the highest common factor of 1650682 and 156524?
718
Calculate the highest common divisor of 16684864 and 48.
16
What is the greatest common factor of 583 and 2590577?
11
Calculate the greatest common factor of 48173609 and 2299.
121
Calculate the highest common factor of 1824791 and 301.
43
Calculate the greatest common divisor of 12566 and 3571319.
103
What is the greatest common factor of 2162 and 15378007?
23
Calculate the greatest common factor of 1618770 and 1350.
30
Calculate the highest common factor of 248384 and 30112.
32
What is the greatest common divisor of 24004 and 1176208002?
12002
Calculate the highest common divisor of 15855 and 170835.
105
Calculate the highest common divisor of 3647 and 11291.
7
What is the highest common factor of 372 and 4403829?
93
Calculate the highest common factor of 484000 and 1052920.
440
Calculate the greatest common factor of 17 and 250894993.
17
Calculate the highest common divisor of 551393049 and 6298.
3149
What is the greatest common factor of 10920 and 265460?
260
Calculate the greatest common divisor of 20 and 20067820.
20
What is the highest common factor of 1114416 and 303?
3
Calculate the greatest common divisor of 411631 and 2737.
23
What is the greatest common divisor of 23950 and 539354?
958
Calculate the greatest common factor of 3840956 and 308.
28
What is the highest common factor of 7328198 and 474?
158
What is the greatest common factor of 21 and 38429223?
21
Calculate the highest common divisor of 255024 and 1840.
368
Calculate the highest common divisor of 459 and 2397654.
27
Calculate the greatest common factor of 12405515 and 4083.
1361
What is the highest common factor of 8491 and 6800078?
1213
What is the highest common divisor of 69817 and 104437?
577
What is the highest common divisor of 105311 and 681541?
1987
What is the greatest common factor of 264689107 and 1489?
1489
Calculate the greatest common divisor of 160 and 50278816.
32
Calculate the highest common factor of 2678 and 13302965.
1339
What is the highest common factor of 2817315 and 4428?
1107
What is the highest common divisor of 19910599 and 998?
499
What is the highest common factor of 6223508 and 635?
127
What is the greatest common divisor of 2496 and 69852?
12
What is the greatest common divisor of 408498 and 8446?
206
What is the highest common divisor of 821370 and 26220?
570
Calculate the highest common factor of 392346 and 9017.
71
What is the greatest common factor of 199287 and 427?
61
What is the highest common divisor of 590832 and 772200?
792
What is the greatest common divisor of 1080 and 33489180?
540
Calculate the greatest common divisor of 337237066 and 2.
2
Calculate the greatest common divisor of 18424 and 1147552.
2632
Calculate the highest common divisor of 1231464455 and 65.
65
Calculate the greatest common factor of 26377968 and 101.
101
Calculate the greatest common divisor of 446125 and 3197050.
1075
What is the greatest common divisor of 53430966 and 17?
17
What is the greatest common factor of 1859904975 and 1275?
1275
Calculate the highest common divisor of 3101155 and 128945.
185
What is the greatest common divisor of 154175636 and 1745?
349
What is the greatest common divisor of 157040 and 4868995?
755
Calculate the highest common divisor of 6208802 and 520066.
914
Calculate the greatest common divisor of 61581849 and 2384.
149
Calculate the greatest common factor of 485813 and 895108.
109
What is the greatest common factor of 1574079 and 5889?
39
What is the greatest common divisor of 2 and 18458224?
2
Calculate the greatest common factor of 584496 and 10552.
8
Calculate the highest common factor of 5705 and 63584670.
815
What is the highest common factor of 609475 and 23225?
25
What is the greatest common divisor of 206579 and 12631007?
1237
Calculate the greatest common factor of 2 and 7136082.
2
What is the highest common divisor of 597270 and 797220?
1290
Calculate the greatest common factor of 3040960 and 29580.
340
Calculate the highest common factor of 3452500775 and 25.
25
Calculate the highest common divisor of 1500 and 49651500.
1500
Calculate the highest common divisor of 878 and 63349895.
439
Calculate the greatest common divisor of 49400 and 52250.
950
What is the highest common divisor of 606966848 and 4164?
1388
Calculate the highest common divisor of 55031 and 996402.
487
Calculate the highest common divisor of 4243589 and 5691.
1897
What is the highest common divisor of 284339 and 57673?
11
Calculate the highest common factor of 83927 and 4141.
41
Calculate the greatest common divisor of 61527 and 330.
3
What is the greatest common divisor of 17094 and 21409014?
2442
What is the greatest common divisor of 729201 and 15447?
57
What is the greatest common divisor of 199155 and 46640?
55
Calculate the highest common factor of 1720040 and 920.
40
Calculate the greatest common divisor of 58 and 1001657738.
58
Calculate the greatest common divisor of 168964 and 3439852.
3188
What is the greatest common divisor of 276 and 244956?
12
Calculate the highest common factor of 7185548 and 1036.
148
What is the greatest common factor of 779607 and 434454?
309
Calculate the highest common factor of 29636 and 313837831.
7409
What is the highest common divisor of 11368 and 137984?
392
What is the highest common divisor of 5744555 and 289?
17
What is the greatest common divisor of 13041 and 2250780?
483
Calculate the highest common divisor of 1344 and 807744.
1344
Calculate the highest common factor of 1961784 and 3222.
18
What is the highest common divisor of 445 and 153442230?
445
What is the highest common factor of 1241047 and 4429?
103
Calculate the greatest common divisor of 2475 and 106084.
11
Calculate the highest common factor of 42 and 192950331.
21
Calculate the highest common divisor of 35091746 and 646.
38
What is the greatest common factor of 860 and 71469010?
430
Calculate the highest common factor of 1570 and 1039125695.
785
Calculate the highest common divisor of 296932790 and 1540.
770
What is the greatest common factor of 3519623118 and 3086?
3086
Calculate the greatest common factor of 20826 and 9928217.
1157
What is the highest common factor of 2767 and 134564744?
2767
What is the greatest common divisor of 3106 and 220894061?
1553
Calculate the highest common factor of 29925187 and 85347.
3161
What is the highest common divisor of 323 and 33881?
17
Calculate the highest common divisor of 2715 and 913478945.
905
Calculate the greatest common d